/(5/(-590)) a composite number?
True
Suppose 3*w - 40 = 74. Let y = 117 - 36. Let m = y - w. Is m composite?
False
Suppose -5*z + 2*r = -4111, -2*r - 2*r = 2*z - 1630. Is z a prime number?
True
Let m be -11*(-2 - 9/(-3)). Is ((-11)/4)/(m/1012) composite?
True
Let g(s) = -20*s**3 - s**2 - 10*s + 5. Is g(-8) a composite number?
True
Suppose -160 = -2*h + 314. Let w = 896 - h. Is w a prime number?
True
Suppose -2324 = -6*l + 3922. Is l prime?
False
Let u(n) = n**2 + 4*n + 3. Let h be u(-4). Suppose -3*j = -5*w + 4589, h*w + j - 2165 - 580 = 0. Suppose -w = -2*k + 42. Is k a prime number?
True
Let q be (-3)/(-4) + (-390)/104. Is q - -2 - (-2820)/15 a composite number?
True
Let x(j) be the second derivative of 59*j**4/6 - j**2/2 + 11*j. Is x(3) a prime number?
True
Let g be (19 - 10)*1/(-3). Is -3 - -712*(g - 7/(-2)) composite?
False
Let j be (-1 + -1)*(-110)/(-4). Let s = 240 + j. Is s composite?
True
Suppose 2*k - 500 = 1290. Suppose 5*n = -5*x + k, x + n = -2*x + 537. Is x prime?
True
Let m be 384 - (-5)/(40/6)*-4. Let t = m + 320. Is t a composite number?
False
Let t = -16 - -19. Let s be -3 - ((t - 15) + 4). Suppose -4*i = -20, b + 2093 = s*b + 5*i. Is b prime?
False
Suppose 6 = i + 2, 5*p - 3*i = 13. Suppose -p = -6*c + 5*c. Suppose -23 + 0 = -x - 4*t, 240 = c*x - 5*t. Is x prime?
True
Suppose k = -3*k + 5840. Suppose -5*x - 1460 = -f, 2*x + k = f + 3*x. Suppose -2*o + 4*r + 590 = 0, -5*o + 2*r + f = -3*r. Is o prime?
False
Suppose 4*l - 5*j + 10 = -15, -l = -4*j + 20. Suppose -x + 3 = l, -3*a + 587 = x + 155. Is a a prime number?
False
Let d = -1970 - -1355. Let b = -1033 - d. Is 6*b/(-4) - 4 prime?
False
Let w be (-2 - (380 + 0)) + 0. Suppose -5 = o, -4*t - o = o + 34. Is (w/(-3))/((-4)/t) a composite number?
False
Let f(y) = 1384*y - 229. Is f(11) prime?
False
Suppose 129 + 341 = -2*u. Let t = -86 - u. Is t a composite number?
False
Let j be ((-237)/(-6))/(1/28). Suppose 0 = 2*m + 5*u - 2742, -m - u + j + 259 = 0. Is m a prime number?
True
Let h(t) be the first derivative of t**4/4 - 2*t**3 + 5*t**2/2 + 3*t - 9. Is h(7) prime?
False
Suppose j = -4*j + 20175. Suppose 0*r + 5*r = j. Suppose -3*b + 6*b - r = 0. Is b composite?
False
Let r(k) = 201*k**3 - 4*k**2 + 5*k - 3. Is r(4) composite?
True
Is (-2993055)/(-585)*6/2 a prime number?
True
Let q(l) = 57*l - 5. Let x be q(9). Suppose -n = n - x. Is n prime?
False
Suppose 19*h - 54081 = -8*h. Is h a composite number?
False
Let c(q) = 4*q + 1. Let f be c(2). Suppose 12*k - 1002 = f*k. Is k composite?
True
Let u = -10 - -11. Is 14/2 + -7 + (315 - u) a composite number?
True
Suppose 96796 = 9*c + 5*c. Is c prime?
False
Let d = 3399 + -1828. Is d prime?
True
Let h(u) = -u**3 + 32*u**2 + 48*u + 55. Is h(28) prime?
False
Suppose -2*s + 0*s + y - 12 = 0, -4*s - 5*y = -4. Let d = s - -16. Suppose 2*l + 16 = 2*o, 2*o + 0*o + d = -5*l. Is o prime?
False
Suppose -25 = 3*c - c + 5*j, -20 = c + 4*j. Suppose c = a + 5*n - 566, 3*a = 5*a - 5*n - 1057. Is a a composite number?
False
Suppose -3*l + 6*l = -3. Let b(m) = m**3 + 7*m**2 - 9*m - 5. Let o be b(-8). Is (-266)/l - 4 - o a prime number?
False
Suppose -24*a + 0*a + 136392 = 0. Is a composite?
False
Suppose 0 = -11*o + 3*o. Suppose 6*l + 3229 - 9073 = o. Is l a composite number?
True
Suppose 64 - 84 = -5*r. Is (-3470 + r)/(2 + -4) a prime number?
True
Suppose 0 = -4*f + 2*f + 8. Suppose f*a = 368 + 476. Is a a composite number?
False
Let u(l) = l**3 + 3*l**2 + l + 1. Let c be u(-2). Suppose c*g + 666 = 4*g. Suppose 0 = -4*m + 850 + g. Is m a prime number?
True
Let m(s) = -s**2 - 62*s + 290. Is m(-41) composite?
False
Suppose -2*f - 16 = -3*h - 0*h, 4*h + 3*f = 10. Suppose c - h = -5*k - 3*c, 2*c - 2 = -4*k. Suppose k = 6*u - u - 45. Is u prime?
False
Let r(x) = x - 3. Let d be r(5). Suppose -592 = -2*h + d*t, -3*t + 870 = h + 2*h. Is h prime?
True
Suppose -2*z = 4, 4*d - 3*z - 94889 = 9233. Is d composite?
False
Suppose -4*x = -13 - 23. Let y = 246 + -42. Suppose 4*s = -2*i + y, 3*i - x = -21. Is s a composite number?
False
Is 63657 + -1 + -22 + 13 prime?
True
Let n = 24 - 20. Let o be 3*1 + (-4)/n. Suppose -5*w = -5*s - 765, 0 = -0*w + 3*w + o*s - 439. Is w composite?
False
Suppose -w + 171 = -s - 245, 3*s = -w + 428. Suppose -6*b = -7*b + w. Is b composite?
False
Let i be (0/(-4))/(1/1). Suppose 4*y + 3*l - 2048 = i, 2*y - 513 = y - l. Let j = -322 + y. Is j a composite number?
True
Let a be (0 - 2)*12/(-8). Suppose 1174 = a*u - u. Is u composite?
False
Let v(q) = -q**2 - 5*q + 5. Let s be v(-5). Let w(y) = -3*y**2 - 2*y**3 + 3*y**3 + y + 2*y. Is w(s) a prime number?
False
Let d = 8358 - 5111. Is d prime?
False
Is (-2227)/((25/5)/(-5)) a prime number?
False
Let n be 2/5 - 2/5. Suppose -2*m + n*m - 338 = 0. Let x = 236 + m. Is x a prime number?
True
Let y(c) = -710*c - 51. Is y(-4) composite?
False
Let c(p) = 10*p**2 + 1. Let x be (-1 - -10)*5/(-15). Is c(x) prime?
False
Suppose 281360 = 3*s - d, 63*s + 3*d = 58*s + 468938. Is s composite?
False
Let h(i) be the first derivative of i**4/2 - 5*i**3/3 + 9*i**2/2 + i + 128. Suppose 2*t + 3*t = 30. Is h(t) a composite number?
False
Let b(q) = 18*q + 4. Let o be b(9). Suppose -6*s = -4*s - o. Is s a composite number?
False
Let n(l) = 8*l**2 - 3*l - 9. Let c be n(-5). Suppose -5*w - 370 = -5*g, -3*g - 5*w = -0*w - 214. Suppose -s = g - c. Is s composite?
True
Is ((-12)/9)/(((-20)/(-2802))/(-5)) a prime number?
False
Let f(q) be the third derivative of q**8/20160 + q**7/560 + 7*q**6/720 - 7*q**5/60 + 4*q**2. Let o(i) be the third derivative of f(i). Is o(-9) prime?
True
Let u be 1 + (-13716)/((-18)/(-6)). Let p = u + 7498. Is p prime?
True
Let v be 1/4 + 19/4. Suppose -3*m + j + 32 = 0, 4*j = -v*m + j + 30. Is m/(-6) + (-490)/(-4) a prime number?
False
Suppose 16*w - 21127 = 34185. Is w a prime number?
True
Let v = 23425 - 9972. Is v a composite number?
True
Suppose f - 5*k = -4*f - 25, 5*k - 22 = 4*f. Is -3*(f + (-700)/(-9))*-3 a composite number?
False
Let z be -5*2*(-6)/20. Let a be 20/6 + (-1)/z. Suppose -3*p - 5*m + 220 = -151, -3*p - a*m = -375. Is p a composite number?
False
Let x(d) = -d**3 + 4*d + 36341. Is x(0) prime?
True
Let i = 1827 - 578. Is i composite?
False
Let p(a) = a**3 + 3*a - a**2 + 2 + a**2 + a**2 - 4*a**2. Let o = -10 - -15. Is p(o) prime?
True
Let d(h) = -h**2 - 7*h + 17. Let w be d(-9). Let k = 8 + -14. Is k/(w*8/508) prime?
False
Let b(k) = -2*k**2 + 13 + 4*k**2 - 3*k**2 + 15*k. Let j be 4 + 1 + -3 + 9. Is b(j) prime?
False
Suppose 0 = 4*a - 3*b - 11, 2*b - 8 = -4*a - a. Is 1*(1006/4 + a/(-4)) a composite number?
False
Let z = 40 - 45. Is z/2*32564/(-70) prime?
True
Suppose 3*l = -h - 2*l - 27, 5*l = 2*h - 6. Let s(j) = -j**3 - 10*j - 2. Is s(h) a composite number?
True
Suppose -4*k + 3*i - 8111 = 0, 10156 = -3*k - 2*k - 2*i. Let w = -569 - k. Is w composite?
True
Let z = -94 - -59. Is (z/20)/((-2)/2984) a composite number?
True
Suppose 0 = 3*a - 2*d - 0 - 75, 5*d = -15. Suppose -2*l = -5*x - 28, -2*x + 0*x + a = l. Let c = l - -78. Is c a composite number?
False
Let k(i) be the second derivative of i**5/20 + 5*i**4/3 + 3*i**3 + 19*i**2/2 - 18*i. Is k(-14) a prime number?
False
Let g = -4 + 6. Suppose 2*t - 5*k = 25, -k - 2 - 3 = g*t. Suppose 2*l + 19 = 2*v - 13, t = -5*v - 2*l + 73. Is v composite?
True
Let l(p) = -3*p - 2 - p**2 + 4*p + 21*p**2. Is l(3) composite?
False
Let p(o) = -o**3 - 5*o**2 - 3*o - 3. Let s be p(-4). Let w(i) = -9*i**3 + 2*i**2 - 9*i + 23. Is w(s) a prime number?
True
Suppose 2*s + 0*s = -1276. Let o = s - -931. Is o prime?
True
Suppose -s + 5*t + 7644 = 0, -s - 30557 = -5*s + t. Is s a composite number?
False
Let z = -515 + 1541. Suppose -5*l - 2*g + 3*g + 2529 = 0, -2*l + 4*g = -z. Is l prime?
False
Suppose 3*i + 9 = -3. Is 17/(735/(-185) - i) composite?
True
Let g(n) = -n**2 + 15*n - 44. Let l be g(13). Is 4/l + ((-19528)/36)/(-2) prime?
True
Suppose 88*p - 90 = 82*p. Is p composite?
True
Let v be ((-43090)/(-12))/5 - 10/60. Suppose -17*f + v = -15*f. Is f composite?
False
Suppose -5*v + 4*w = -4515 - 8892, -v + 2693 = 5*w. Is v prime?
True
Let t(o) = 14*o**2 - 35*o + 11. Is t(-18) a composite number?
True
Suppose 4*k - 13836 = -5*t - 2407, t + k - 2286 = 0. Is t a prime number?
False
Let l(o) = 451*o - 514. Is l(11) a composite number?
False
Let i be -